9385 prime?
False
Is 9708967 a composite number?
True
Is 5241091 a prime number?
False
Is 1055251 a composite number?
False
Is 1833541 prime?
False
Is 31829 composite?
True
Is 402943 a prime number?
True
Is 534806 composite?
True
Is 67092301 a composite number?
False
Is 2950429 a prime number?
False
Is 890873 composite?
True
Is 94902173 composite?
False
Is 196557 prime?
False
Is 154720253 prime?
False
Is 1325197 a composite number?
False
Is 10066427 a prime number?
False
Is 4892007 prime?
False
Is 51339523 prime?
True
Is 35455267 composite?
False
Is 40062257 a prime number?
True
Is 3657835 prime?
False
Is 438499 composite?
False
Is 1012681981 prime?
True
Is 1484563 a composite number?
False
Is 5874421 a composite number?
True
Is 109787 a prime number?
False
Is 8357267 prime?
False
Is 3610522 a prime number?
False
Is 20623547 a prime number?
False
Is 9788162 prime?
False
Is 669241 composite?
False
Is 1787783 prime?
True
Is 12562197 composite?
True
Is 12691137 composite?
True
Is 8150309 a composite number?
False
Is 1269641 a composite number?
False
Is 27949927 a composite number?
False
Is 714097 composite?
True
Is 1809859 a prime number?
True
Is 14474213 a prime number?
False
Is 950921 prime?
True
Is 121663603 a prime number?
True
Is 8558219 a composite number?
True
Is 109958903 prime?
True
Is 4068739 a prime number?
True
Is 20554311 composite?
True
Is 36993211 a composite number?
False
Is 196437 prime?
False
Is 1261501 prime?
False
Is 553431479 prime?
True
Is 1254731 prime?
True
Is 103567663 a composite number?
False
Is 297370803 a prime number?
False
Is 15413821 prime?
False
Is 55524607 prime?
True
Is 82052297 a composite number?
True
Is 381979 composite?
True
Is 170755658 a prime number?
False
Is 15114665 a prime number?
False
Is 571133 composite?
False
Is 1237919 composite?
False
Is 2389769 a composite number?
True
Is 24569029 composite?
True
Is 1557559 prime?
True
Is 50603915 composite?
True
Is 518681 composite?
True
Is 1733603 a prime number?
False
Is 2888231 a prime number?
True
Is 1540751 composite?
False
Is 212809622 prime?
False
Is 537851 composite?
True
Is 30214519 composite?
False
Is 55412479 composite?
True
Is 2645809 composite?
False
Is 21546881 a composite number?
False
Is 294659 prime?
True
Is 10437569 a prime number?
True
Is 29039687 composite?
True
Is 112493221 a composite number?
False
Is 494270573 prime?
True
Is 31206485 a composite number?
True
Is 372397 a prime number?
True
Is 11963905 composite?
True
Is 39994763 prime?
True
Is 717473 a prime number?
False
Is 25877942 composite?
True
Is 6098237 prime?
True
Is 208805651 composite?
False
Is 28345033 composite?
True
Is 99863581 a composite number?
False
Is 3641357 a composite number?
False
Is 533447 composite?
False
Is 65642179 prime?
False
Is 671621 prime?
False
Is 11625481 a composite number?
True
Is 8355797 a prime number?
False
Is 8768966 a composite number?
True
Is 8190943 prime?
True
Is 2453851 a composite number?
True
Is 25212711 a prime number?
False
Is 187446143 a composite number?
False
Is 244594059 composite?
True
Is 1123813715 composite?
True
Is 24063035 composite?
True
Is 3733607 a prime number?
True
Is 6897271 a prime number?
True
Is 28304653 composite?
True
Is 963019 prime?
True
Is 4038379 a composite number?
False
Is 51085751 a prime number?
True
Is 4874543 a composite number?
False
Is 4329847 a prime number?
True
Is 1076707 composite?
False
Is 84151831 prime?
False
Is 5811599 composite?
False
Is 548775719 a composite number?
True
Is 11991677 prime?
False
Is 63942191 composite?
True
Is 718577 prime?
False
Is 168752123 a composite number?
False
Is 9481471 a prime number?
True
Is 182233 composite?
False
Is 301312993 a composite number?
False
Is 2635459 prime?
False
Is 61130051 prime?
True
Is 20719739 prime?
True
Is 413283722 a composite number?
True
Is 12702161 a composite number?
False
Is 15548969 prime?
True
Is 1331429 composite?
True
Is 31696589 a composite number?
False
Is 15194713 composite?
False
Is 27321517 a prime number?
True
Is 116852003 composite?
True
Is 169961899 prime?
True
Is 10611571 prime?
True
Is 4804229 composite?
True
Is 21965119 prime?
False
Is 102789065 composite?
True
Is 5462153 prime?
True
Is 60860395 composite?
True
Is 1233007 a prime number?
False
Is 2265841 a composite number?
False
Is 6981211 composite?
False
Is 80700665 a composite number?
True
Is 206051863 a composite number?
True
Is 536585447 a composite number?
False
Is 8968907 a prime number?
True
Is 34471933 a composite number?
False
Is 1633103 prime?
True
Is 9935293 a composite number?
True
Is 1063871 a composite number?
False
Is 29751493 a composite number?
False
Is 1261399 prime?
False
Is 44896261 prime?
False
Is 16743 prime?
False
Is 26935309 composite?
False
Is 318503 composite?
False
Is 350440723 a prime number?
True
Is 843951 a prime number?
False
Is 1664387 a composite number?
False
Is 21467 prime?
True
Is 2899553 a composite number?
True
Is 20571283 composite?
False
Is 175073065 composite?
True
Is 44631787 composite?
True
Is 7280129 a prime number?
True
Is 58454698 composite?
True
Is 150047773 a prime number?
False
Is 12709709 a composite number?
False
Is 4552105 composite?
True
Is 1264907 a prime number?
False
Is 1765343 composite?
False
Is 29203417 a prime number?
True
Is 1835087 prime?
True
Is 122807191 composite?
True
Is 77501359 composite?
True
Is 4087415 a composite number?
True
Is 5318303 a composite number?
False
Is 305446 prime?
False
Is 145988011 a composite number?
True
Is 86341 a composite number?
False
Is 5042707 a composite number?
False
Is 1155097 prime?
True
Is 1173149 a composite number?
True
Is 171670673 a composite number?
False
Is 4132693 a prime number?
True
Is 34054 prime?
False
Is 7461169 a composite number?
False
Is 444838 a composite number?
True
Is 93271481 a composite number?
False
Is 1608121 a composite number?
True
Is 56152223 composite?
True
Is 264389 composite?
True
Is 190958029 a composite number?
True
Is 12787571 a composite number?
False
Is 14161427 a composite number?
True
Is 9780931 prime?
True
Is 2734117 prime?
True
Is 33256103 a prime number?
False
Is 2254579 a prime number?
True
Is 5887447 prime?
True
Is 2224597 prime?
True
Is 56690707 a prime number?
True
Is 3063343 a prime number?
False
Is 49782979 a composite number?
True
Is 48882089 composite?
True
Is 5979653 a composite number?
False
Is 8704807 prime?
False
Is 2101309 a prime number?
False
Is 33141191 a composite number?
True
Is 18134846 a prime number?
False
Is 4975323 a composite number?
True
Is 25276109 prime?
True
Is 8591227 a prime number?
True
Is 11266091 a composite number?
False
Is 39530191 a composite number?
True
Is 27359459 a composite number?
False
Is 31384655 a prime number?
False
Is 6397099 a prime number?
True
Is 1600033 prime?
True
Is 259151 composite?
False
Is 801462859 prime?
True
Is 6297103 a composite number?
False
Is 25395347 a composite number?
True
Is 17244323 composite?
True
Is 112163 composite?
False
Is 168365989 a prime number?
False
Is 201038171 prime?
True
Is 30340267 a composite number?
False
Is 483609419 composite?
True
Is 77603 a composite number?
True
Is 5649221 a prime number?
True
Is 112617977 a prime number?
False
Is 2021831693 composite?
True
Is 32417309 a composite number?
False
Is 527507 prime?
True
Is 24513739 a composite number?
False
Is 5447579 a prime number?
True
Is 45094871 a prime number?
True
Is 4122399 composite?
True
Is 1020247 prime?
True
Is 36168083 composite?
True
Is 2632337 a prime number?
False
Is 332133787 a prime number?
True
Is 5819929 composite?
False
Is 383069957 composite?
False
Is 4278409 a prime number?
False
Is 38907665 composite?
True
Is 205161059 prime?
False
Is 465259 a prime number?
True
Is 24584851 a composite number?
True
Is 407661 composite?
True
Is 635169707 prime?
True
Is 413846933 a prime number?
True
Is 58228717 composite?
True
Is 7789289 a prime number?
True
Is 1652659 a composite number?
True
Is 3853705 prime?
False
Is 488844007 a composite number?
False
Is 112061 a prime number?
True
Is 12590273 composite?
False
Is 10676543 composite?
False
Is 13061003 a composite number?
False
Is 2955094 a prime number?
False
Is 45104074 prime?
False
Is 843426119 a prime number?
True
Is 131067085 prime?
False
Is 1